)/7 + (-340)/(-14). Let b(h) = h**3 + 21*h**2 - 22*h + 3. Let d be b(-22). What is the highest common divisor of j and d?
3
Let z = -85 - -326. Let t be 54/45*(-10)/(-3). Suppose -2*l = -2*s - 158, t*s + z = 3*l - 0*l. Calculate the greatest common factor of 15 and l.
15
Let w = -957 - -962. Calculate the greatest common factor of w and 4.
1
Let w(y) = y**3 - 6*y**2 + 2*y + 2. Let q be w(6). Let h = 19 - q. What is the highest common factor of h and 5?
5
Suppose 3*j - 575 = 4*d, -5*j - 176 = -d - 1123. What is the greatest common divisor of 819 and j?
63
Let m(f) be the third derivative of f**4/12 + f**2. Let c be m(1). Let h be 22/10 - 2/10. What is the highest common divisor of h and c?
2
Let t be (10/(-15))/((-6)/(-9)) + -81. Let k = t - -132. Calculate the highest common factor of k and 20.
10
Let g = -45 + 63. Suppose -6 = 42*m - 43*m + 4*h, 4*m = 4*h + 60. Calculate the highest common factor of g and m.
18
Suppose -60*l + 53*l + 882 = 0. Calculate the highest common divisor of l and 819.
63
Let i(y) be the second derivative of -y**5/20 + 7*y**4/6 - 13*y**3/6 + 21*y**2/2 + 16*y. Let u be i(12). Calculate the greatest common divisor of u and 17.
17
Suppose -q - 5*t = 0, 5*q = -3*t - t + 21. Suppose -277 = -3*i + 2*k - 37, q*k = 5*i - 405. What is the highest common divisor of i and 52?
26
Let c be (30/(-50))/(3/(-15)). Suppose -c*q - 168 + 252 = 0. Calculate the greatest common divisor of q and 70.
14
Suppose -b - 5*f + 100 = 3*b, -4*f - 166 = -5*b. Calculate the highest common divisor of b and 690.
30
Let n = -62 + 23. Let z = 48 + n. Calculate the greatest common divisor of 9 and z.
9
Let l(p) = -p**3 - 7*p**2 - 8*p - 8. Let v be l(-6). Suppose -3*o - 17 = -v*o. What is the greatest common factor of 85 and o?
17
Suppose 0 = -5*r - 1 + 6. Let h = -54 + 57. Let o be r/h + 232/24. What is the greatest common divisor of 80 and o?
10
Suppose 2*l + 51 = 5*g, -5*g = -3*l + 5*l - 59. Let h(q) = 5*q - 44. Let o be h(g). What is the greatest common factor of 55 and o?
11
Let l be 36 - (8 + (0 - (3 + 2))). Calculate the highest common divisor of 231 and l.
33
Let s = -27 + 17. Let c = s + 15. Suppose -2*b + 3 = x - 5, 3*x = -c*b + 18. Calculate the greatest common factor of b and 48.
6
Let v = 47 - 45. Let z be 4/v + 1 + (17 - 12). Let o be 1/((-2)/(2 + -4)). Calculate the highest common divisor of o and z.
1
Suppose q + 326 = 3*o + 3*q, 0 = -4*o + 3*q + 429. Calculate the greatest common divisor of o and 252.
36
Let w be 0*-2*(-5)/(-10). Suppose w*x - 8 = -4*x. Suppose 3*o - x*o = 3, -119 = -2*s + 3*o. What is the highest common factor of 16 and s?
16
Suppose 0 = 4*k - 6*k + 16. Let h = 8 - k. Suppose -r + 70 = -h*r. Calculate the highest common factor of r and 10.
10
Suppose 0*v - v - 51 = 2*k, v - 3*k + 66 = 0. Let o = -45 - v. Calculate the highest common divisor of o and 3.
3
Suppose -161*h = -169*h + 1144. Calculate the highest common factor of 65 and h.
13
Let g = -24 + 25. Let r be (60 + 3 + 0)*(2 - g). Calculate the greatest common factor of 7 and r.
7
Let a(w) = 203*w**2 - 15*w + 52. Let s be a(4). Calculate the highest common divisor of s and 30.
30
Let p(g) = -20 - 5*g - 2 - 6. Let a be p(-10). What is the greatest common factor of 242 and a?
22
Let i(t) = t**2 - 4*t + 7. Let h be i(7). Suppose -4*q + h = -12. Let y be (-2)/(-2 + 16/q). What is the greatest common divisor of y and 45?
5
Let z(o) = 2*o**2 - 28*o - 118. Let h be z(-7). Calculate the greatest common divisor of 264 and h.
88
Let s = -1014 - -1218. What is the greatest common factor of 4 and s?
4
Let u(d) = -d**3 - 23*d**2 + 16*d - 68. Let a be u(-25). Let j = a + -474. What is the highest common divisor of 44 and j?
44
Let x = 84 + -53. Let o be (-12)/((-288)/3736) + (-4)/6. Calculate the greatest common factor of o and x.
31
Let s be 10/(-1)*16/(-5). Suppose -24*i + 191 + 1 = 0. What is the greatest common factor of i and s?
8
Let y(l) = l**2 - 5*l - 29. Let i be y(15). Let s = i + -97. Calculate the greatest common divisor of 168 and s.
24
Suppose 0 = -2*l + 3 + 3. Let s(o) = -o**3 + 3*o**2 - 4*o + 1. Let k be s(l). Let i = k + 21. Calculate the highest common divisor of i and 90.
10
Let p = 14 + 11. Suppose b = 2, j - 2*b - 696 = -3*j. Suppose 40*c = 39*c + j. Calculate the greatest common factor of p and c.
25
Suppose -7*i + 30 = -4*i. Suppose -2*a = 3*a - i. Suppose a*v = -2*f + 28, 2*f + 5 = 2*v - 3. What is the greatest common divisor of 72 and v?
9
Suppose 5*r - 28 = r + 3*p, 4*r + 4*p = 0. Let s = 19 + 121. Suppose -r*y = -9*y + s. Calculate the highest common factor of y and 42.
14
Suppose 0 = x - 2*f - 57, 4*x - 5*x + 5*f = -45. Calculate the highest common divisor of 13 and x.
13
Suppose -4*w = 3*m + 4, -4*m - 4 = w + 10. Let a be (1 + w/(-4))*72. Calculate the greatest common divisor of 396 and a.
36
Let g = -419 - -515. What is the highest common divisor of 432 and g?
48
Let i(g) = -g**3 + 6*g**2 + 11. Suppose -14 = -3*w + 4. Let q be i(w). What is the highest common factor of 143 and q?
11
Let s = 170 - 168. What is the greatest common factor of s and 34?
2
Suppose 4*k = -1 - 3. Let r(j) = -35*j - 1. Let u be r(k). Suppose 17*g - 440 - 1005 = 0. Calculate the highest common factor of u and g.
17
Let v(m) = 10 - 5 + 6*m - 8*m + m**2. Let u be v(4). Calculate the highest common factor of 65 and u.
13
Let b(g) = g**3 - g**2 + 8*g - 4. Suppose 4*f - 4 = 8. Let o be b(f). Calculate the greatest common divisor of 19 and o.
19
Suppose 0 = 14*c - 193 - 521. What is the greatest common factor of 68 and c?
17
Let d(t) = 19*t + 10. Let m be d(3). Suppose 3*p = -m + 529. What is the highest common divisor of 22 and p?
22
Suppose -5*m + 2*f + f + 518 = 0, 0 = 5*f - 20. Calculate the highest common factor of m and 371.
53
Let t(c) = -5 - 5*c**2 + 5*c**2 + 7*c**2 - c**3. Let f be t(5). Calculate the highest common factor of f and 135.
45
Suppose -2*v - 278 = -1562. What is the greatest common factor of v and 6?
6
Suppose -x - 3*p = -1146, -3*p + 4566 = 3*x + x. Calculate the highest common divisor of x and 180.
60
Let i(d) = -d**3 + 2*d**2 + 2*d - 7. Let m be i(4). Let o = 33 + m. Calculate the highest common divisor of 5 and o.
1
Let f(y) be the second derivative of -3*y**5/2 + y**4/12 - 2*y**3/3 - 5*y**2/2 - 26*y. Let k be f(-1). Calculate the highest common divisor of k and 6.
6
Let w be ((-10)/(-6))/((-5)/(-15))*7. Suppose 0 = 12*f - 11*f - 7. What is the greatest common divisor of f and w?
7
Let q be (7/4)/((-3)/(-36)). Let t = -16 + q. Suppose -2*r = 2*d - 40, -3*d + 105 = t*r + d. What is the greatest common divisor of r and 5?
5
Suppose -7*w + 35 = -49. Suppose -3*j = q - 10, -2*q + 3*j + 11 = -9. Let u be q/(-35) - 508/(-14). Calculate the highest common factor of w and u.
12
Suppose -2*m + 5 = -7*m. Let q be 2*((m - 1) + 1). Let y be ((-34)/(-4))/(q/(-8)). Calculate the highest common factor of y and 85.
17
Suppose -115*k = -112*k - 4020. Calculate the greatest common divisor of k and 20.
20
Suppose -3*a + 2*y + 325 = 117, -2*y - 76 = -a. What is the highest common divisor of 77 and a?
11
Let u be -4 - (0 + (-8)/4). Let m be (u + -3)/5 + 33. What is the highest common divisor of m and 8?
8
Let o(j) = -7*j**3 - 2*j**2 + 5*j - 6. Let x be o(-3). What is the highest common divisor of x and 100?
50
Let a be (-119)/(-12) + (-17)/(-204). What is the greatest common factor of a and 20?
10
Let b(u) = -13*u**2 + u + 1. Let w be b(3). Let f = w - -57. Let z be f/(-3) - (-1)/3. What is the greatest common divisor of 171 and z?
19
Let t be 2/(-8) + (-255)/(-12). Suppose 3*f + 195 = 4*i, 0 = 2*f + 2*i + 121 + 9. Let n = 82 - f. Calculate the highest common divisor of t and n.
21
Let v be 51*(-6)/18*-11. Calculate the greatest common divisor of 11 and v.
11
Let m = -534 - -1466. Let a be 8/36 + m/18. Calculate the highest common divisor of 130 and a.
26
Suppose -i + 2*j + 25 = 0, -j = -2*i + 17 + 21. Let p be (-9)/(45/(-4))*-5. Let s be 5/(30/28)*(-102)/p. Calculate the greatest common divisor of s and i.
17
Let g be 20/50 + 0 + 798/5. What is the greatest common divisor of g and 128?
32
Let f be (144/50)/((-10)/50)*-5. Suppose 2*a + f = 96. Calculate the highest common divisor of a and 6.
6
Suppose 0 = 5*j + 2*t - 6, -5*j + t + 4*t = 15. Suppose 2*v - 244 - 108 = j. What 